of 23 and 736?
23
What is the greatest common factor of 4 and 31?
1
What is the highest common factor of 67 and 4757?
67
What is the greatest common divisor of 65 and 208?
13
What is the greatest common factor of 6132 and 336?
84
Calculate the greatest common factor of 32 and 968.
8
What is the highest common divisor of 2 and 31?
1
Calculate the highest common factor of 4378 and 22.
22
What is the highest common factor of 48 and 2388?
12
Calculate the greatest common divisor of 172 and 6407.
43
Calculate the highest common factor of 574 and 164.
82
Calculate the highest common divisor of 1720 and 160.
40
Calculate the highest common factor of 45 and 585.
45
Calculate the highest common factor of 5301 and 38.
19
Calculate the highest common divisor of 17 and 1904.
17
Calculate the greatest common divisor of 776 and 1358.
194
Calculate the highest common divisor of 9 and 13221.
9
Calculate the highest common divisor of 46584 and 72.
72
Calculate the highest common divisor of 85 and 2465.
85
Calculate the highest common divisor of 576 and 448.
64
What is the highest common divisor of 6 and 1722?
6
What is the greatest common factor of 84 and 525?
21
Calculate the highest common divisor of 494 and 1026.
38
What is the highest common divisor of 380 and 95?
95
Calculate the highest common divisor of 36642 and 186.
186
What is the highest common divisor of 425 and 2635?
85
What is the greatest common factor of 55 and 1111?
11
Calculate the greatest common factor of 380 and 140.
20
Calculate the greatest common factor of 51 and 697.
17
Calculate the greatest common factor of 3006 and 6.
6
Calculate the greatest common factor of 1800 and 200.
200
Calculate the highest common factor of 535 and 25.
5
Calculate the greatest common divisor of 721 and 7.
7
Calculate the highest common factor of 5 and 1735.
5
Calculate the greatest common factor of 64 and 976.
16
Calculate the highest common divisor of 147 and 6.
3
What is the highest common divisor of 19548 and 18?
18
Calculate the highest common divisor of 44 and 5.
1
Calculate the highest common factor of 34 and 102.
34
What is the greatest common divisor of 174 and 2?
2
What is the highest common divisor of 42 and 36?
6
What is the highest common factor of 371 and 14?
7
Calculate the greatest common divisor of 28 and 469.
7
What is the highest common factor of 27 and 1890?
27
What is the highest common divisor of 19 and 10184?
19
What is the greatest common divisor of 122 and 6?
2
Calculate the highest common divisor of 1200 and 48.
48
What is the greatest common divisor of 11 and 11?
11
What is the greatest common divisor of 234 and 30?
6
What is the highest common divisor of 1147 and 31?
31
What is the highest common divisor of 5 and 7935?
5
What is the highest common factor of 12 and 9987?
3
What is the greatest common factor of 20 and 5?
5
What is the greatest common factor of 147576 and 13?
13
Calculate the highest common divisor of 27 and 2493.
9
What is the greatest common factor of 28 and 1048?
4
What is the highest common divisor of 104 and 377?
13
What is the greatest common divisor of 18 and 11034?
18
Calculate the highest common divisor of 63 and 511.
7
What is the highest common divisor of 833 and 17?
17
Calculate the greatest common factor of 6446 and 22.
22
Calculate the greatest common divisor of 101178 and 11.
11
Calculate the greatest common divisor of 14 and 4.
2
Calculate the highest common factor of 99 and 1584.
99
Calculate the highest common factor of 22 and 84986.
22
Calculate the highest common factor of 377 and 143.
13
What is the highest common divisor of 377 and 52?
13
What is the greatest common divisor of 3799 and 393?
131
What is the highest common factor of 14 and 42?
14
What is the highest common factor of 96 and 138?
6
What is the greatest common divisor of 16 and 72?
8
What is the greatest common factor of 20996 and 116?
116
Calculate the greatest common divisor of 2660 and 280.
140
What is the highest common divisor of 7378 and 595?
119
Calculate the highest common divisor of 1830 and 2.
2
What is the highest common divisor of 745 and 15?
5
Calculate the highest common divisor of 55 and 99.
11
Calculate the greatest common factor of 21 and 84.
21
Calculate the highest common divisor of 28 and 3500.
28
Calculate the greatest common divisor of 24 and 552.
24
What is the greatest common divisor of 190 and 114?
38
Calculate the highest common divisor of 94 and 47.
47
Calculate the greatest common divisor of 122 and 16.
2
Calculate the greatest common factor of 120 and 61440.
120
Calculate the greatest common divisor of 3660 and 300.
60
Calculate the greatest common divisor of 636 and 477.
159
Calculate the highest common factor of 14 and 6986.
14
What is the highest common divisor of 8555 and 290?
145
Calculate the greatest common divisor of 708 and 3363.
177
What is the highest common divisor of 378 and 432?
54
Calculate the highest common divisor of 144 and 64.
16
What is the highest common factor of 469 and 77?
7
Calculate the greatest common factor of 127 and 11303.
127
Calculate the highest common divisor of 171 and 2502.
9
Calculate the highest common factor of 591 and 33.
3
Calculate the greatest common divisor of 649 and 22.
11
What is the highest common divisor of 1442 and 112?
14
What is the greatest common factor of 192 and 180?
12
Calculate the greatest common divisor of 296 and 24.
8
Calculate the highest common factor of 1504 and 47.
47
What is the highest common factor of 441 and 14?
7
Calculate the highest common divisor of 45 and 11061.
9
Calculate the greatest common divisor of 15 and 15315.
15
Calculate the highest common divisor of 44 and 34936.
44
What is the highest common factor of 91 and 133?
7
What is the highest common divisor of 45158 and 134?
134
What is the highest common divisor of 106 and 159?
53
What is the highest common factor of 684 and 204?
12
What is the highest common divisor of 34 and 493?
17
Calculate the highest common factor of 570 and 90.
30
Calculate the greatest common factor of 236 and 1829.
59
Calculate the greatest common divisor of 425 and 136.
17
What is the highest common divisor of 20 and 130?
10
What is the highest common divisor of 261 and 812?
29
Calculate the greatest common factor of 287 and 6601.
287
What is the greatest common factor of 513 and 209?
19
Calculate the highest common divisor of 8 and 92.
4
Calculate the highest common factor of 308 and 385.
77
What is the greatest common divisor of 768 and 11264?
256
What is the highest common factor of 888 and 16?
8
What is the highest common divisor of 19962 and 36?
18
What is the highest common divisor of 294 and 2562?
42
Calculate the greatest common factor of 292 and 15330.
146
Calculate the greatest common divisor of 95041 and 101.
101
Calculate the highest common factor of 85 and 680.
85
Calculate the highest common divisor of 119 and 448.
7
What is the greatest common divisor of 2890 and 10?
10
What is the highest common divisor of 1960 and 210?
70
Calculate the highest common factor of 156 and 962.
26
What is the greatest common divisor of 16 and 16?
16
What is the greatest common factor of 60 and 252?
12
What is the greatest common factor of 304 and 228?
76
What is the greatest common factor of 12 and 3804?
12
Calculate the greatest common factor of 344 and 215.
43
Calculate the greatest common factor of 62 and 31.
31
Calculate the greatest common factor of 100 and 1210.
10
Calculate the greatest common divisor of 603 and 67.
67
What is the highest common factor of 1253 and 28?
7
What is the highest common divisor of 110 and 65?
5
What is the greatest common divisor of 876 and 24?
12
What is the highest common divisor of 111 and 12?
3
Calculate the greatest common factor of 309 and 18.
3
Calculate the highest common factor of 1730 and 10.
10
What is the greatest common divisor of 2037 and 147?
21
What is the greatest common factor of 7780 and 100?
20
Calculate the highest common divisor of 762 and 24.
6
Calculate the highest common factor of 3050 and 175.
25
Calculate the highest common factor of 4 and 27.
1
Calculate the greatest common divisor of 64827 and 189.
189
Calculate the greatest common divisor of 14 and 36106.
14
What is the greatest common d